a**2 - 3*a. What are the prime factors of b(z)?
3, 7
Let l = 86 + 164. List the prime factors of l.
2, 5
Suppose -12*n + 15390 = 7*n. What are the prime factors of n?
2, 3, 5
Suppose 0 = -0*x + 43*x - 43387. List the prime factors of x.
1009
Let y(l) be the second derivative of -l**5/20 + 11*l**4/12 - 7*l**3/6 + 9*l**2/2 - 21*l. What are the prime factors of y(7)?
2, 3, 13
Suppose 0 = q - 64 - 763. What are the prime factors of q?
827
Let a(m) = m**3 + 12*m**2 + 15*m + 1. Let y be a(-10). Let c = 16 + y. What are the prime factors of c?
67
Let l(m) = m**2 + 17*m - 11. Suppose -7*x + 44 = -9*x. What are the prime factors of l(x)?
3, 11
Suppose -18*d + 2868 = -6*d. What are the prime factors of d?
239
Let t(x) = x + 7. Let n be t(-7). Suppose n = 2*g - 0*g - 12. Suppose -g*z - 73 = -223. List the prime factors of z.
5
Suppose -6*j + 7 = -35. Suppose k = -0*k - j. What are the prime factors of 3/k - (-3072)/112?
3
Suppose -8 = 4*m, -21 = -4*x + x + 3*m. Suppose 0 = -4*g - 2*k + 942, -g - 3*k = -187 - 61. Suppose -142 = -x*r + g. List the prime factors of r.
3, 5
Suppose 5*m - 181 = 3*j, 0 = -3*m - 0*j - j + 117. List the prime factors of m.
2, 19
Let x = -13 + 19. Let s(m) = m**3 - 6*m**2 - m + 2. Let z be s(x). What are the prime factors of (-4)/8*(z + -78)?
41
Let k(b) = -17*b + 6. Let r(y) = 18*y - 7. Let c(q) = 3*k(q) + 2*r(q). List the prime factors of c(-3).
7
Let p(j) be the second derivative of -j**5/20 - j**4/2 - j**3/3 - 9*j**2/2 + 8*j. Let g be p(-6). Suppose -g*y = y - 192. List the prime factors of y.
2, 3
Let f be 5 - 2 - (-2 + 11). Suppose 4*l = -63 + 7. Let g = f - l. List the prime factors of g.
2
Suppose b + 9 = 2*k, -3*k + 2*b + b = -18. Let d = 21 - 11. What are the prime factors of 4/2*(k + d)?
2, 13
Let n(l) be the third derivative of l**4/12 - l**3/3 - 3*l**2. Let v be n(1). Let a(z) = -z**3 + z**2 + 13. What are the prime factors of a(v)?
13
Suppose -4*u = -7*u - 5*k + 1111, 2*k = 4. What are the prime factors of u?
367
Let m be 2/(-9) - (-190)/45. Suppose m*w - 3 = 1. Let u = w - -26. List the prime factors of u.
3
Let f = 55 - -60. List the prime factors of f.
5, 23
Let j(d) be the second derivative of d**4/12 - 8*d**3/3 - 13*d**2 - 6*d. What are the prime factors of j(19)?
31
Let f(v) = -30*v + 99. List the prime factors of f(-6).
3, 31
Suppose 1 = u, -r + 0*u = -3*u - 54. Suppose -2*v - 6*p = -5*p - 123, -v = -p - r. List the prime factors of v.
2, 3, 5
Let h(l) = l**3 + 34*l**2 + 67*l - 25. What are the prime factors of h(-27)?
7, 467
Let q(p) = p**3 - 22*p**2 + 31*p - 96. What are the prime factors of q(28)?
2, 37
List the prime factors of (-170558)/(-42) - 256/(-2688).
31, 131
List the prime factors of 16226/70 + 5/25.
2, 29
Let s(i) = -7*i**2 + 91*i**3 - 186*i**3 + 93*i**3 + 6*i + 7 - 19*i. What are the prime factors of s(-6)?
5, 53
Suppose 4*c + 15*c = 95. Suppose 2*o = -3*t + 439, -6*o = -2*o - c*t - 867. List the prime factors of o.
2, 109
Let j be ((-44)/(-77))/(4/(-14)). List the prime factors of 1290/45 + j/(-6).
29
Let u = 1177 + -692. What are the prime factors of u?
5, 97
Let w = 42 - 39. Suppose -c - 30 = w*n - 4*c, -3*c + 12 = 0. List the prime factors of (-14 + n)*2/(-1).
2, 5
Let k(q) be the first derivative of -11*q**4/4 + q**3/3 - 2*q**2 - 6*q - 1. List the prime factors of k(-2).
2, 47
Let k(o) = 4*o + 29. List the prime factors of k(6).
53
Let t = -141 + 144. Suppose 2*h - r + 5*r = 348, 4*r = t*h - 532. List the prime factors of h.
2, 11
Suppose a + 3*a = -2*n, 16 = 3*n - 2*a. Suppose -3*j + n*j - 3 = 0. Suppose -7*u = -g - 2*u + 3, 41 = j*g + u. What are the prime factors of g?
13
Let p be (-24)/36 + (-34)/3. Let z = p + 224. List the prime factors of z.
2, 53
Let x be (1 + 65)*21/(-14). What are the prime factors of 3626/22 - 18/x?
3, 5, 11
Suppose -14 = -4*f + 2. Suppose 0 = 3*i - 2 - 4. What are the prime factors of -2 - -4*(f + i)?
2, 11
Suppose -3*b + 816 + 27 = 0. Let k = -36 + b. What are the prime factors of k?
5, 7
Let f(h) = 13*h**2 + 11*h + 73. What are the prime factors of f(9)?
5, 7
Let y = 27 - 23. Suppose 4*o - 372 = -y*a, -4*o = -9*o + 3*a + 433. What are the prime factors of o?
89
Let f = -27 - -28. Let n(x) = 83*x + 1. What are the prime factors of n(f)?
2, 3, 7
Let a(z) = -z**3 + 40*z**2 + 51*z + 137. What are the prime factors of a(41)?
547
Suppose 203 + 13 = 3*q. Suppose 4*b + q = 8*b. List the prime factors of b.
2, 3
Suppose -1573 = -2*v - 465. What are the prime factors of v?
2, 277
Let l be ((-9)/(-2))/(12/504). Let v = 331 - l. Suppose 4*z - v = -46. What are the prime factors of z?
2, 3
Let x(i) = 80*i - 29. What are the prime factors of x(8)?
13, 47
Let q be ((0 - 14)/2)/(6 - 7). Suppose -y - 27 = -4*y - v, 3*y - 4*v = 27. Let s = q + y. List the prime factors of s.
2
Let h(a) = a**3 + 7*a**2 + 7*a + 5. Let y be h(-5). List the prime factors of y*(-15)/10*(-20)/3.
2, 5
List the prime factors of -2 + 60 - (37 - 29).
2, 5
Let l(u) = -u**3 - 6*u**2 + u - 6. Let i be l(-6). Suppose 678*j - 672*j = 396. List the prime factors of i/j - 334/(-22).
3, 5
Let p = 72 + -60. Suppose 0 = -22*c + p*c + 1870. What are the prime factors of c?
11, 17
Suppose -4*f = 8 - 0. Let u = 17 + f. Suppose 3*t - 108 + u = -3*m, -3*m - 35 = -t. What are the prime factors of t?
2
Let n(k) = k**3 - 4*k**2 - 22*k - 22. List the prime factors of n(10).
2, 179
Suppose -11*w = 2*w. Suppose w*r - 689 = -13*r. What are the prime factors of r?
53
Suppose 0 = -5*x - 10. Let k(j) = -3*j**2 + 8*j - 1. Let b(t) = -4*t**2 + 9*t - 2. Let a(q) = x*b(q) + 3*k(q). List the prime factors of a(4).
3
Let l(k) = k**2 + 7*k + 17. Let d be l(-5). Suppose 2*i - t + 216 = d*i, 4*t - 28 = -i. List the prime factors of i.
2, 11
Let i(l) = 59*l**3 - 8*l**2 - l + 4. What are the prime factors of i(3)?
2, 761
Let l(f) = 4*f**2 + 5*f - 5. Let k(d) = -5*d - 3. Let o be k(-1). List the prime factors of l(o).
3, 7
Let c = 329 + 131. List the prime factors of c.
2, 5, 23
Let f(x) = -x + 25 + x - 11*x - x. What are the prime factors of f(-9)?
7, 19
Suppose -33*q = -65*q + 2848. What are the prime factors of q?
89
Suppose -8*p - 114 - 30 = 0. Let r = p - -20. Suppose 4*k - f = 204, -r*k - 2*f + 48 = -54. List the prime factors of k.
3, 17
Suppose s + 5230 = -42*h + 44*h, 10460 = 4*h - 4*s. List the prime factors of h.
5, 523
Let h be (-4)/6 - (-1792)/24. Let o be h/14 - 8/28. What are the prime factors of ((-4)/(-6))/(o/450)?
2, 3, 5
Suppose 0 = 3*c + 5*i - 77, 2*c = 4*c + i - 42. Suppose 19 + c = 2*x. What are the prime factors of x?
19
Let j = 9221 + -5369. What are the prime factors of j?
2, 3, 107
Let j = -8 + 13. Suppose -106 + 1 = -j*h. List the prime factors of h.
3, 7
Let f be -1 + 2 - (5 - 3). Let y be f/(35/(-15) + 2). Suppose 5*k + 4*d - 59 = 0, -k + 64 = y*k - d. List the prime factors of k.
3, 5
Suppose 5 + 17 = 11*m. List the prime factors of -1 - m - -4*(-354)/(-12).
5, 23
Let o = -4934 - -7027. List the prime factors of o.
7, 13, 23
Suppose -3 + 0 = n, 5*v = -n + 3567. List the prime factors of v.
2, 3, 7, 17
Let z(d) = 12*d - 23 - 6*d - 6 + 5*d. What are the prime factors of z(12)?
103
What are the prime factors of 54*(7 + (-30)/12)?
3
Let v = -111 - -310. Let u = v + -88. List the prime factors of u.
3, 37
Let b(h) = h - 12. Let g(n) = n. Let o(i) = -b(i) + 3*g(i). Let l be o(-16). Let k = 35 + l. List the prime factors of k.
3, 5
Let i = 62 - 50. Let u(w) = 3*w - 30. What are the prime factors of u(i)?
2, 3
Let x(r) = -8*r + 5 - 3*r - 3 + r**2 - 10. Let o be x(12). Suppose -o*m - m = -255. List the prime factors of m.
3, 17
Let a(v) = -2*v**2 + 70*v - 63. What are the prime factors of a(29)?
3, 5, 19
Suppose 0 = 4*f + m + 134 - 1, 2*m = -5*f - 164. Let g = 14 + f. Let n = 34 + g. What are the prime factors of n?
2, 7
Let y(x) be the first derivative of x**3/3 - x**2 - 12*x + 16. What are the prime factors of y(14)?
2, 3, 13
Let f(c) = c**3 - 39*c**2 + 36*c + 16. What are the prime factors of f(39)?
2, 5, 71
Let p = 205 - -87. Suppose -9*a = -p - 383. List the prime factors of a.
3, 5
Suppose b = 5*f - 49, 3*b = -2*f - 2*f + 24. List the prime factors of (-2)/(f/((-405)/2)).
3, 5
Let i = -332 + 494. What are the prime factors of i?
2, 3
Suppose 5*f = 5*p - 25, 5*p - p = 3*f + 16. Let g(i) = -34*i + 9. Let a(j) =